f 1041?
3, 347
What are the prime factors of 28321?
127, 223
What are the prime factors of 87815?
5, 7, 13, 193
What are the prime factors of 442?
2, 13, 17
What are the prime factors of 12369?
3, 7, 19, 31
List the prime factors of 1155.
3, 5, 7, 11
List the prime factors of 5203.
11, 43
List the prime factors of 40653.
3, 4517
What are the prime factors of 152082?
2, 3, 7, 17, 71
List the prime factors of 96.
2, 3
List the prime factors of 23914.
2, 11, 1087
List the prime factors of 2120.
2, 5, 53
List the prime factors of 4610.
2, 5, 461
What are the prime factors of 179?
179
List the prime factors of 93002.
2, 7, 13, 73
What are the prime factors of 6690?
2, 3, 5, 223
What are the prime factors of 1813?
7, 37
What are the prime factors of 3684?
2, 3, 307
What are the prime factors of 377?
13, 29
What are the prime factors of 6022?
2, 3011
List the prime factors of 5307.
3, 29, 61
What are the prime factors of 144133?
11, 13103
List the prime factors of 1405.
5, 281
List the prime factors of 4986.
2, 3, 277
List the prime factors of 156504.
2, 3, 6521
What are the prime factors of 808?
2, 101
List the prime factors of 3053.
43, 71
List the prime factors of 2654.
2, 1327
List the prime factors of 49335.
3, 5, 11, 13, 23
What are the prime factors of 65?
5, 13
List the prime factors of 16153.
29, 557
What are the prime factors of 46208?
2, 19
What are the prime factors of 1835?
5, 367
What are the prime factors of 22722?
2, 3, 7, 541
List the prime factors of 19054.
2, 7, 1361
What are the prime factors of 938?
2, 7, 67
List the prime factors of 49902.
2, 3, 8317
What are the prime factors of 86917?
23, 3779
What are the prime factors of 81037?
11, 53, 139
What are the prime factors of 9147?
3, 3049
What are the prime factors of 66087?
3, 7, 1049
What are the prime factors of 5252?
2, 13, 101
List the prime factors of 1249.
1249
List the prime factors of 5962.
2, 11, 271
What are the prime factors of 65850?
2, 3, 5, 439
What are the prime factors of 10023?
3, 13, 257
List the prime factors of 2025.
3, 5
List the prime factors of 6265.
5, 7, 179
List the prime factors of 972.
2, 3
What are the prime factors of 59931?
3, 6659
What are the prime factors of 886?
2, 443
What are the prime factors of 169636?
2, 42409
What are the prime factors of 851?
23, 37
List the prime factors of 29519.
7, 4217
What are the prime factors of 6829?
6829
What are the prime factors of 3396?
2, 3, 283
What are the prime factors of 138?
2, 3, 23
What are the prime factors of 4599?
3, 7, 73
List the prime factors of 6672.
2, 3, 139
List the prime factors of 1566.
2, 3, 29
What are the prime factors of 105?
3, 5, 7
What are the prime factors of 59634?
2, 3, 3313
List the prime factors of 1492.
2, 373
List the prime factors of 1011.
3, 337
What are the prime factors of 16043?
61, 263
What are the prime factors of 2439?
3, 271
List the prime factors of 440.
2, 5, 11
What are the prime factors of 7290?
2, 3, 5
List the prime factors of 22114.
2, 11057
List the prime factors of 11452.
2, 7, 409
What are the prime factors of 10318?
2, 7, 11, 67
What are the prime factors of 766?
2, 383
What are the prime factors of 3599?
59, 61
List the prime factors of 26141.
26141
List the prime factors of 7324.
2, 1831
What are the prime factors of 1561?
7, 223
List the prime factors of 4867.
31, 157
What are the prime factors of 2605?
5, 521
What are the prime factors of 19358?
2, 9679
What are the prime factors of 48503?
7, 13, 41
List the prime factors of 5115.
3, 5, 11, 31
List the prime factors of 52293.
3, 17431
What are the prime factors of 35287?
7, 71
List the prime factors of 518.
2, 7, 37
List the prime factors of 7933.
7933
List the prime factors of 2312.
2, 17
List the prime factors of 9665.
5, 1933
What are the prime factors of 7963?
7963
List the prime factors of 145.
5, 29
List the prime factors of 1152.
2, 3
List the prime factors of 41381.
41381
List the prime factors of 943.
23, 41
What are the prime factors of 3015?
3, 5, 67
What are the prime factors of 711?
3, 79
What are the prime factors of 27143?
27143
List the prime factors of 1067.
11, 97
List the prime factors of 17089.
23, 743
What are the prime factors of 33719?
7, 4817
What are the prime factors of 9643?
9643
List the prime factors of 16258.
2, 11, 739
List the prime factors of 1264.
2, 79
List the prime factors of 5919.
3, 1973
List the prime factors of 2131.
2131
What are the prime factors of 5048?
2, 631
List the prime factors of 67790.
2, 5, 6779
What are the prime factors of 2296?
2, 7, 41
List the prime factors of 1232.
2, 7, 11
List the prime factors of 50142.
2, 3, 61, 137
What are the prime factors of 1156?
2, 17
List the prime factors of 5109.
3, 13, 131
List the prime factors of 94068.
2, 3, 13, 67
What are the prime factors of 1693?
1693
List the prime factors of 444.
2, 3, 37
List the prime factors of 1508.
2, 13, 29
What are the prime factors of 52512?
2, 3, 547
What are the prime factors of 3675?
3, 5, 7
List the prime factors of 6345.
3, 5, 47
What are the prime factors of 307?
307
What are the prime factors of 9120?
2, 3, 5, 19
What are the prime factors of 18590?
2, 5, 11, 13
List the prime factors of 5712.
2, 3, 7, 17
List the prime factors of 3863.
3863
What are the prime factors of 45160?
2, 5, 1129
List the prime factors of 2627.
37, 71
What are the prime factors of 12137?
53, 229
What are the prime factors of 15191?
11, 1381
What are the prime factors of 7778?
2, 3889
What are the prime factors of 8314?
2, 4157
List the prime factors of 15248.
2, 953
List the prime factors of 2682.
2, 3, 149
List the prime factors of 171.
3, 19
What are the prime factors of 1221?
3, 11, 37
What are the prime factors of 7514?
2, 13, 17
List the prime factors of 56149.
56149
What are the prime factors of 274?
2, 137
What are the prime factors of 79875?
3, 5, 71
What are the prime factors of 15943?
107, 149
What are the prime factors of 17450?
2, 5, 349
What are the prime factors of 9064?
2, 11, 103
List the prime factors of 74.
2, 37
What are the prime factors of 51983?
227, 229
What are the prime factors of 1489?
1489
List the prime factors of 59651.
59651
List the prime factors of 1052.
2, 263
What are the prime factors of 3008?
2, 47
What are the prime factors of 10116?
2, 3, 281
List the prime factors of 10177.
10177
What are the prime factors of 619?
619
What are the prime factors of 161?
7, 23
List the prime factors of 6454.
2, 7, 461
What are the prime factors of 116122?
2, 58061
List the prime factors of 5624.
2, 19, 37
What are the prime factors of 32006?
2, 13, 1231
List the prime factors of 854.
2, 7, 61
What are the prime factors of 58300?
2, 5, 11, 53
List the prime factors of 4145.
5, 829
What are the prime factors of 107?
107
List the prime factors of 32545.
5, 23, 283
What are the prime factors of 105895?
5, 21179
What are the prime factors of 1128?
2, 3, 47
List the prime factors of 4990.
2, 5, 499
What are the prime factors of 19485?
3, 5, 433
What are the prime factors of 177359?
7, 13, 1949
List the prime factors of 1559.
1559
What are the prime factors of 43548?
2, 3, 19, 191
List the prime factors of 2273.
2273
What are the prime factors of 112?
2, 7
List the prime factors of 95136.
2, 3, 991
What are the prime factors of 1702?
2, 23, 37
What are the prime factors of 4249?
7, 607
List the prime factors of 5696.
2, 89
What are the prime factors of 615?
3, 5, 41
What are the prime factors of 42593?
191, 223
List the prime factors of 14214.
2, 3, 23, 103
List the prime factors of 129039.
3, 43013
What are the prime factors of 64048?
2, 4003
List the prime factors of 641.
641
What are the prime factors of 159366?
2, 3, 26561
What are the prime factors of 18811?
13, 1447
List the prime factors of 20323.
20323
List the prime factors of 65262.
2, 3, 73, 149
List the prime factors of 84420.
2, 3, 5, 7, 67
List the prime factors of 352.
2, 11
What are the prime factors of 5443?
5443
List the prime factors of 30791.
41, 751
What are the prime factors of 4519?
4519
List the prime factors of 7320.
2, 3, 5, 61
List the prime factors of 406.
2, 7, 29
List the prime factors of 171652.
2, 13, 3301
List the prime factors of 8527.
8527
What are the prime factors of 15?
3, 5
What are the prime 